{"id":4433,"date":"2024-10-17T12:56:53","date_gmt":"2024-10-17T12:56:53","guid":{"rendered":"https:\/\/otomatik-kapi.com.tr\/?page_id=4433"},"modified":"2024-10-23T08:43:01","modified_gmt":"2024-10-23T08:43:01","slug":"mesafeli-satis-sozlesmesi","status":"publish","type":"page","link":"https:\/\/otomatik-kapi.com.tr\/?page_id=4433","title":{"rendered":"Sat\u0131\u015f S\u00f6zle\u015fmesi"},"content":{"rendered":"\n<p>L\u00dcTFEN, ilgili yasa gere\u011fi l\u00fctfen a\u015fa\u011f\u0131daki s\u00f6zle\u015fme metninin 12 punto ve koyu fontta \u00e7\u0131kt\u0131s\u0131n\u0131 alarak okuyunuz. Ayr\u0131ca; internet sitemizden al\u0131\u015fveri\u015f yapan her al\u0131c\u0131, taraf\u0131m\u0131zdan d\u00fczenlenmi\u015f olan a\u015fa\u011f\u0131daki sat\u0131\u015f s\u00f6zle\u015fmemizin t\u00fcm maddelerini ba\u015fka bir ihbara gerek kalmadan okumu\u015f ve kabul etmi\u015f say\u0131l\u0131r.<\/p>\n\n\n\n<p>MADDE 1 \u2013 S\u00d6ZLE\u015eMEN\u0130N TARAFLARI<\/p>\n\n\n\n<p>SATICI: RK DOOR OTOMAT\u0130K KAPI S\u0130STEMLER\u0130 &#8211; RECEP KARAMAN<\/p>\n\n\n\n<p>Adresi: Bah\u00e7elievler Mah. Polen Sk. No: 12\/C Pendik \/ \u0130STANBUL \/ T\u00dcRK\u0130YE<\/p>\n\n\n\n<p>Tel: +90 (216) 483 18 63<\/p>\n\n\n\n<p>GSM: +90 (541) 458 03 53<\/p>\n\n\n\n<p>Email: info@otomatik-kapi.com.tr<\/p>\n\n\n\n<p>ALICI: M\u00fc\u015fteri (Al\u0131c\u0131, Sat\u0131c\u0131n\u0131n internet adresi olan \u201c www.otomatik-kapi.com.tr \u201c web sitesinden al\u0131\u015fveri\u015f yapan ki\u015fidir. Fatura ve ileti\u015fim bilgilerinde al\u0131c\u0131n\u0131n bildirdi\u011fi adres ve ileti\u015fim bilgileri esas al\u0131n\u0131r.)<\/p>\n\n\n\n<p>\u0130\u015fbu s\u00f6zle\u015fmeyi kabul etmekle ALICI, s\u00f6zle\u015fme konusu sipari\u015fi onaylad\u0131\u011f\u0131 takdirde sipari\u015f konusu bedeli ve varsa kargo \u00fccreti, vergi gibi belirtilen ek \u00fccretleri \u00f6deme y\u00fck\u00fcml\u00fcl\u00fc\u011f\u00fc alt\u0131na girece\u011fini ve bu konuda bilgilendirildi\u011fini pe\u015finen kabul eder.<\/p>\n\n\n\n<p>MADDE 2 \u2013 S\u00d6ZLE\u015eMEN\u0130N KONUSU:<\/p>\n\n\n\n<p>\u0130\u015fbu s\u00f6zle\u015fmenin konusu, Al\u0131c\u0131n\u0131n Sat\u0131c\u0131ya ait \u201c www.otomatik-kapi.com.tr \u201c web sitesinden elektronik ortamda sipari\u015f verdi\u011fi, s\u00f6zle\u015fmede bahsi ge\u00e7en nitelikleri haiz ve yine s\u00f6zle\u015fmede sat\u0131\u015f fiyat\u0131 belirtilen mal\/hizmetin sat\u0131\u015f\u0131 ve teslimi ile ilgili olarak 6502 say\u0131l\u0131 T\u00fcketicilerin Korunmas\u0131 Hakk\u0131ndaki Kanun ve Mesafeli S\u00f6zle\u015fmelere Dair Y\u00f6netmelik h\u00fck\u00fcmleri gere\u011fince taraflar\u0131n hak ve y\u00fck\u00fcml\u00fcl\u00fcklerinin saptanmas\u0131d\u0131r.<\/p>\n\n\n\n<p>Al\u0131c\u0131, sat\u0131\u015fa konu mal\/hizmetlerin temel nitelikleri, sat\u0131\u015f fiyat\u0131, \u00f6deme \u015fekli, teslimat ko\u015fullar\u0131 vs. sat\u0131\u015fa konu mal\/hizmet ile ilgili t\u00fcm \u00f6n bilgiler ve \u201ccayma\u201d hakk\u0131 konusunda bilgi sahibi oldu\u011funu, bu \u00f6n bilgileri elektronik ortamda teyit etti\u011fini ve sonras\u0131nda mal\/hizmeti sipari\u015f verdi\u011fini is bu s\u00f6zle\u015fme h\u00fck\u00fcmlerince kabul ve beyan eder. Keza teslimden sonra ambalaj\u0131, band\u0131, paketi gibi koruyucu unsurlar\u0131 a\u00e7\u0131lm\u0131\u015f olan \u00fcr\u00fcnlerin ise iadesi sa\u011fl\u0131k ve hijyen a\u00e7\u0131s\u0131ndan uygun olmad\u0131\u011f\u0131ndan hi\u00e7bir \u015fekilde cayma hakk\u0131 kullan\u0131lamaz. \u00dcr\u00fcn ambalaj\u0131n\u0131n a\u00e7\u0131lmas\u0131 cayma hakk\u0131n\u0131n istisnas\u0131 kapsam\u0131ndad\u0131r.<\/p>\n\n\n\n<p>Listelenen ve sitede ilan edilen fiyatlar sat\u0131\u015f fiyat\u0131d\u0131r. \u0130lan edilen fiyatlar g\u00fcncelleme yap\u0131lana veya de\u011fi\u015ftirilene kadar ge\u00e7erlidir. S\u00fcreli olarak ilan edilmi\u015f bir \u00fcr\u00fcn\u00fcn bulunmas\u0131 halinde ilan edilen fiyat, belirlenen s\u00fcre sonuna kadar ge\u00e7erli olacakt\u0131r.<\/p>\n\n\n\n<p>Al\u0131c\u0131 gerek siteye \u00fcye olurken gerekse al\u0131\u015fveri\u015fi esnas\u0131nda sisteme girmi\u015f oldu\u011fu verilerin kendisine ait oldu\u011funu ya da kullanmaya, payla\u015fmaya izni oldu\u011funu; kendisine ya da kullan\u0131m hakk\u0131 olmad\u0131\u011f\u0131 hi\u00e7bir veriyi sisteme girmeyece\u011fini aksi halde t\u00fcm sorumlulu\u011fun kendisine ait oldu\u011funu kabul ve taahh\u00fct eder \u201c www.otomatik-kapi.com.tr \u201c \u00f6deme sayfas\u0131nda yer alan \u00f6n bilgilendirme ve fatura i\u015f bu s\u00f6zle\u015fmenin ayr\u0131lmaz par\u00e7alar\u0131d\u0131r. Sipari\u015f ger\u00e7ekle\u015fti\u011fi anda Al\u0131c\u0131 bu s\u00f6zle\u015fmenin t\u00fcm ko\u015fullar\u0131n\u0131 kabul etmi\u015f say\u0131l\u0131r. Listelenen ve sitede ilan edilen fiyatlar sat\u0131\u015f fiyat\u0131d\u0131r. \u0130lan edilen fiyatlar ve vaatler g\u00fcncelleme yap\u0131lana ve de\u011fi\u015ftirilene kadar ge\u00e7erlidir. S\u00fcreli olarak ilan edilen fiyatlar ise belirtilen s\u00fcre sonuna kadar ge\u00e7erlidir.<\/p>\n\n\n\n<p>MADDE 3 \u2013 S\u00d6ZLE\u015eMEN\u0130N TAR\u0130H\u0130, MAL\/H\u0130ZMET\u0130N TESL\u0130M\u0130, S\u00d6ZLE\u015eMEN\u0130N \u0130FA YER\u0130 VE TESL\u0130M \u015eEKL\u0130:<\/p>\n\n\n\n<p>\u0130\u015fbu s\u00f6zle\u015fme Al\u0131c\u0131 taraf\u0131ndan sipari\u015fin verildi\u011fi tarihte d\u00fczenlenmi\u015ftir. Mal\/hizmet, al\u0131c\u0131n\u0131n teslimini talep etmi\u015f oldu\u011fu adresinde M\u00fc\u015fteriye teslim edilecektir. Sevkiyat s\u0131ras\u0131nda zarar g\u00f6rd\u00fc\u011f\u00fc d\u00fc\u015f\u00fcn\u00fclen paketlerin teslim al\u0131nd\u0131\u011f\u0131 firma yetkilisi \u00f6n\u00fcnde a\u00e7\u0131p kontrol edilmesi gerekmektedir. E\u011fer \u00fcr\u00fcnde herhangi bir zarar varsa kargo firmas\u0131na tutanak tutturularak \u00fcr\u00fcn teslim al\u0131nmamal\u0131d\u0131r. Tutanak tutturulmamas\u0131 durumunda, ALICI \u00fcr\u00fcn teslim al\u0131nd\u0131ktan sonra kargo firmas\u0131n\u0131n g\u00f6revini tam olarak yerine getirdi\u011fini kabul etmi\u015f say\u0131lmaktad\u0131r<\/p>\n\n\n\n<p>MADDE 4. GENEL H\u00dcK\u00dcMLER<\/p>\n\n\n\n<p>4.1. ALICI, \u0130NTERNET S\u0130TES\u0130\u2019nde g\u00f6sterilen \u00fcr\u00fcnlerin temel nitelikleri, sat\u0131\u015f fiyat\u0131 ve \u00f6deme \u015fekli ile teslimata ili\u015fkin \u00f6n bilgileri okuyup bilgi sahibi oldu\u011funu ve elektronik ortamda sat\u0131\u015f i\u00e7in gerekli teyidi verdi\u011fini kabul eder.<\/p>\n\n\n\n<p>4.2. \u00dcR\u00dcN, ALICI\u2019n\u0131n \u0130NTERNET S\u0130TES\u0130 \u00fczerinde belirtti\u011fi teslimat adresine, faturas\u0131 ile birlikte paketlenmi\u015f ve sa\u011flam olarak en ge\u00e7 30 g\u00fcn i\u00e7inde teslim edilir,<\/p>\n\n\n\n<p>4.3. \u00dcR\u00dcN, ALICI\u2019dan ba\u015fka bir ki\u015fi\/kurulu\u015fa teslim edilecek ise, teslim edilecek ki\u015fi\/kurulu\u015fun teslimat\u0131 kabul etmemesinden SATICI sorumlu tutulamaz.<\/p>\n\n\n\n<p>4.4. ALICI, \u00dcR\u00dcN\u2019\u00fc teslim ald\u0131\u011f\u0131 anda kontrol etmekle ve \u00dcR\u00dcN\u2019de kargodan kaynaklanan bir sorun g\u00f6rd\u00fc\u011f\u00fcnde, \u00dcR\u00dcN\u2019\u00fc kabul etmemekle ve KARGO firmas\u0131 yetkilisine tutanak tutturmakla sorumludur. Aksi halde SATICI sorumluluk kabul etmeyecektir.<\/p>\n\n\n\n<p>4.5. \u0130NTERNET S\u0130TES\u0130\u2019nden al\u0131\u015fveri\u015f s\u0131ras\u0131nda ALICI taraf\u0131ndan onaylanan S\u00f6zle\u015fme her durumda yeterli ve ge\u00e7erlidir.<\/p>\n\n\n\n<p>4.6. ALICI, SATICI taraf\u0131ndan aksi yaz\u0131l\u0131 \u00f6ng\u00f6r\u00fclmemi\u015f ise, \u00dcR\u00dcN\u2019\u00fc teslim almadan \u00f6nce bedelini tamamen \u00f6demi\u015f olmas\u0131 gerekir. Teslimattan \u00f6nce \u00dcR\u00dcN bedeli SATICI\u2019ya \u00f6denmedi\u011fi takdirde, SATICI tek tarafl\u0131 olarak s\u00f6zle\u015fmeyi iptal edebilir ve \u00dcR\u00dcN\u2019\u00fc teslim etmeyebilir.<\/p>\n\n\n\n<p>4.7. \u00dcR\u00dcN teslimat\u0131 sonras\u0131nda herhangi bir sebepten dolay\u0131, i\u015flem yap\u0131lan kredi kart\u0131n\u0131n ait oldu\u011fu Banka\/finansman kurumunun \u00dcR\u00dcN bedelini SATICI\u2019ya \u00f6dememesi halinde, \u00dcR\u00dcN en ge\u00e7 3 g\u00fcn i\u00e7inde ALICI taraf\u0131ndan t\u00fcm giderleri ALICI\u2019ya ait olmak \u00fczere SATICI\u2019ya iade edilir. SATICI\u2019n\u0131n \u00dcR\u00dcN bedeli alaca\u011f\u0131n\u0131 takip dahil di\u011fer t\u00fcm akdi-kanuni haklar\u0131 ayr\u0131ca ve her h\u00fclakarda sakl\u0131d\u0131r. Teredd\u00fcte mahal vermemek bak\u0131m\u0131ndan; Bankalar ve finansman kurulu\u015flar\u0131 gibi kredi kart\u0131, taksit kart v.b. veren kurulu\u015flarca sa\u011flanan vadeli \/ taksitli \u00f6deme imkanlar\u0131 bir kredi ve\/veya do\u011frudan an\u0131lan kurulu\u015fca sa\u011flanm\u0131\u015f taksitli \u00f6deme imkan\u0131d\u0131r; bu \u00e7er\u00e7evede ger\u00e7ekle\u015fen ve SATICI\u2019n\u0131n bedelini tamamen tahsil etti\u011fi \u00dcR\u00dcN sat\u0131\u015flar\u0131 i\u015fbu S\u00f6zle\u015fme\u2019nin taraflar\u0131 y\u00f6n\u00fcnden taksitli sat\u0131\u015f say\u0131lmaz, pe\u015fin sat\u0131\u015ft\u0131r. SATICI\u2019n\u0131n kanunen taksitle sat\u0131\u015f say\u0131lan hallerdeki yasal haklar\u0131 (taksitlerden herhangi birinin \u00f6denmemesi halinde s\u00f6zle\u015fmeyi fesih ve\/veya kalan borcun t\u00fcm\u00fcn\u00fcn temerr\u00fct faizi ile birlikte \u00f6denmesini talep haklar\u0131 dahil) mevcut ve sakl\u0131d\u0131r. ALICI\u2019n\u0131n temerr\u00fcd\u00fc durumunda ayl\u0131k % 5 oran\u0131nda temerr\u00fct faizi tatbik edilir.<\/p>\n\n\n\n<p>4.8. \u00dcR\u00dcN\u2019\u00fcn normal sat\u0131\u015f ko\u015fullar\u0131 d\u0131\u015f\u0131nda ola\u011fan\u00fcst\u00fc durumlar (hava muhalefeti, deprem, sel, yang\u0131n gibi) nedeni ile 30 g\u00fcnl\u00fck s\u00fcre zarf\u0131nda teslim edilememesi ve gecikmenin 10 g\u00fcn\u00fc a\u015fmas\u0131 s\u00f6z konusu ise, SATICI teslimat ile ilgili olarak ALICI\u2019y\u0131 bilgilendirir. Bu durumda ALICI sipari\u015fi iptal edebilir, benzer bir \u00fcr\u00fcn sipari\u015f edebilir veya ola\u011fan\u00fcst\u00fc durum sonuna kadar bekleyebilir. Sipari\u015f iptallerinde \u00dcR\u00dcN bedeli tahsil edilmi\u015f ise iptalden itibaren 10 g\u00fcn i\u00e7inde ALICI\u2019ya iade edilir. Kredi kartl\u0131 \u00f6demelerde iade i\u015flemi de ALICI kredi kart\u0131na ya da ALICI banka hesab\u0131na iade sureti ile yap\u0131l\u0131r.<\/p>\n\n\n\n<p>4.9. ALICI \u00dcR\u00dcN ve sat\u0131\u015fla ilgili talep ve \u015fikayetlerini S\u00f6zle\u015fme\u2019nin giri\u015f k\u0131sm\u0131ndaki SATICI ileti\u015fim kanallar\u0131 ile SATICI\u2019ya bildirebilir.<\/p>\n\n\n\n<p>4.10. S\u00f6zle\u015fme konusu \u00fcr\u00fcn\u00fcn teslimat\u0131 i\u00e7in \u00fcr\u00fcn bedelinin ALICI\u2019n\u0131n tercih etti\u011fi \u00f6deme \u015fekli ile \u00f6denmi\u015f olmas\u0131 \u015fartt\u0131r. Herhangi bir nedenle \u00fcr\u00fcn bedeli \u00f6denmez veya banka kay\u0131tlar\u0131nda iptal edilir ise, SATICI \u00fcr\u00fcn\u00fcn teslimi y\u00fck\u00fcml\u00fcl\u00fc\u011f\u00fcnden kurtulmu\u015f kabul edilir.<\/p>\n\n\n\n<p>4.11. SATICI\u2019NIN, ALICI taraf\u0131ndan siteye kay\u0131t formunda belirtilen veya daha sonra kendisi taraf\u0131ndan g\u00fcncellenen adresi, e-posta adresi, sabit ve mobil telefon hatlar\u0131 ve di\u011fer ileti\u015fim bilgileri \u00fczerinden mektup, e-posta, SMS, telefon g\u00f6r\u00fc\u015fmesi ve di\u011fer yollarla ileti\u015fim, bildirim ve di\u011fer ama\u00e7larla ALICI\u2019ya ula\u015fma hakk\u0131 bulunmaktad\u0131r. ALICI, i\u015fbu s\u00f6zle\u015fmeyi kabul etmekle SATICI\u2019n\u0131n kendisine y\u00f6nelik yukar\u0131da belirtilen ileti\u015fim faaliyetlerinde bulunabilece\u011fini kabul ve beyan etmektedir. ALICI\u2019n\u0131n Sitede yer alan Ayd\u0131nlatma Metni ve Gizlilik Politikas\u0131\u2019nda yer alan haklar\u0131 sakl\u0131d\u0131r.<\/p>\n\n\n\n<p>4.12. ALICI, SATICI\u2019ya ait internet sitesini kullan\u0131rken yasal mevzuat h\u00fck\u00fcmlerine riayet etmeyi ve bunlar\u0131 ihlal etmemeyi ba\u015ftan kabul ve taahh\u00fct eder. Aksi takdirde, do\u011facak t\u00fcm hukuki ve cezai y\u00fck\u00fcml\u00fcl\u00fckler tamamen ve m\u00fcnhas\u0131ran ALICI\u2019ya y\u00fckletilecektir.<\/p>\n\n\n\n<p>MADDE 5 \u2013 CAYMA HAKKI<\/p>\n\n\n\n<p>Elinize ula\u015fan sipari\u015fi \u00fczerinde bulunan SATICI \u00fcr\u00fcn kutusunu hi\u00e7bir \u015fekilde a\u00e7madan 14 g\u00fcn i\u00e7erisinde m\u00fc\u015fteri hizmetleri onay\u0131 ile iade edebilirsiniz. Sipari\u015finiz iade depomuza ula\u015ft\u0131ktan sonra incelenir ve sonras\u0131nda a\u00e7\u0131lmam\u0131\u015f onay\u0131 verildikten sonra para iadeniz bankan\u0131za ger\u00e7ekle\u015fir.<\/p>\n\n\n\n<p>Sevkiyat s\u0131ras\u0131nda zarar g\u00f6rd\u00fc\u011f\u00fcn\u00fc d\u00fc\u015f\u00fcnd\u00fc\u011f\u00fcn\u00fcz paketleri teslim almadan \u00f6nce kargo firma yetkilisi \u00f6n\u00fcnde a\u00e7\u0131p kontrol ediniz. E\u011fer \u00fcr\u00fcnde herhangi bir zarar varsa kargo firmas\u0131na tutanak tutturularak \u00fcr\u00fcn\u00fc teslim almay\u0131n\u0131z. Tutanak tutturmaman\u0131z durumunda, \u00fcr\u00fcn teslim al\u0131nd\u0131ktan sonra kargo firmas\u0131n\u0131n g\u00f6revini tam olarak yerine getirdi\u011fini kabul etmi\u015f oldu\u011funuzu unutmay\u0131n\u0131z.<\/p>\n\n\n\n<p>\u00dcr\u00fcnde herhangi bir bozulma, k\u0131r\u0131lma, tahrip, y\u0131rt\u0131lma, kullan\u0131lma ve bunun gibi durumlar\u0131n\u0131n tespit edildi\u011fi ve \u00fcr\u00fcn\u00fcn m\u00fc\u015fteriye teslim edildi\u011fi andaki hali ile iade edilmedi\u011fi durumlarda \u00fcr\u00fcn iade al\u0131nmaz ve bedeli iade edilmez.<\/p>\n\n\n\n<p>\u00dcr\u00fcn\u00fc iade etmeniz halinde, iade i\u015fleminiz \u00fcr\u00fcn firmaya ula\u015ft\u0131\u011f\u0131 andan itibaren yedi (7) i\u015f g\u00fcn\u00fc i\u00e7erisinde sonu\u00e7lanacakt\u0131r.<\/p>\n\n\n\n<p>\u0130ade i\u015fleminin onaylanmas\u0131ndan sonra kredi kart\u0131 iadeleri 5 i\u015f g\u00fcn\u00fc i\u00e7inde yap\u0131lacakt\u0131r. Bankan\u0131z kredi kart\u0131 iadelerini ayn\u0131 ekstre d\u00f6neminde hesab\u0131n\u0131za yans\u0131tmayabilir. Bu durumda bankan\u0131z\u0131n kredi kart\u0131 servisini araman\u0131z gereklidir.<\/p>\n\n\n\n<p>MADDE 6 \u2013 K\u0130\u015e\u0130SEL VER\u0130LER\u0130N KORUNMASI VE G\u0130ZL\u0130L\u0130K<\/p>\n\n\n\n<p>ALICI taraf\u0131ndan i\u015fbu S\u00f6zle\u015fme\u2019de belirtilen bilgiler ile \u00f6deme yapmak amac\u0131yla SATICI\u2019ya bildirdi\u011fi bilgiler, SATICI taraf\u0131ndan anla\u015fmal\u0131 oldu\u011fu kargo \u015firketi hari\u00e7 di\u011fer \u00fc\u00e7\u00fcnc\u00fc ki\u015filerle payla\u015f\u0131lmayacakt\u0131r. SATICI\u2019n\u0131n idari veya kanuni zorunluluklar \u00e7er\u00e7evesinde s\u00f6z konusu bilgileri a\u00e7\u0131klamak zorunda kalmas\u0131 halinde ALICI, SATICI\u2019y\u0131 sorumlu tutamayacakt\u0131r. SATICI, i\u015fbu S\u00f6zle\u015fmenin ifas\u0131 ve kurulmas\u0131 amac\u0131yla S\u00f6zle\u015fmenin taraf\u0131 olan ALICI\u2019ya ait ki\u015fisel verileri 6698 say\u0131l\u0131 Kanun\u2019dan do\u011fan asli ve tali y\u00fck\u00fcml\u00fcl\u00fckleri \u00e7er\u00e7evesinde usul\u00fcne uygun \u015fekilde i\u015fleyece\u011fini, ALICI\u2019ya ait edindi\u011fi ki\u015fisel verilerin hukuka ayk\u0131r\u0131 \u015fekilde i\u015flenmesini, eri\u015filmesini ve if\u015fa edilmesini \u00f6nlemek ile muhafaza edilmesini sa\u011flamaya y\u00f6nelik veri g\u00fcvenli\u011fini sa\u011flayaca\u011f\u0131n\u0131, bu kapsamda yeterli d\u00fczeyde teknik ve idari tedbirlerin al\u0131nd\u0131\u011f\u0131n\u0131 beyan eder. SATICI ayr\u0131ca di\u011fer kanunlarda \u00f6ng\u00f6r\u00fclen s\u00fcrelere riayet ederek, i\u015fleme amac\u0131 ortadan kalkan verileri silecek, yok edecek veya anonim hale getirecektir. ALICI, i\u015fbu S\u00f6zle\u015fme\u2019yi onaylamakla SATICI taraf\u0131ndan ki\u015fisel verilerin i\u015flenmesi hususunda 6698 say\u0131l\u0131 Kanun\u2019a uygun \u015fekilde, Ayd\u0131nlatma Metni kapsam\u0131nda bilgilendirildi\u011fini kabul, beyan ve taahh\u00fct eder.<\/p>\n\n\n\n<p>MADDE 7 \u2013 DEL\u0130L ANLA\u015eMASI, YETK\u0130L\u0130 MAHKEME VE Y\u00dcR\u00dcRL\u00dcK<\/p>\n\n\n\n<p>Bu S\u00f6zle\u015fme\u2019den ve\/veya uygulanmas\u0131ndan do\u011fabilecek her t\u00fcrl\u00fc uyu\u015fmazl\u0131\u011f\u0131n \u00e7\u00f6z\u00fcm\u00fcnde SATICI kay\u0131tlar\u0131 (bilgisayar-ses kay\u0131tlar\u0131 gibi manyetik ortamdaki kay\u0131tlar dahil) kesin delil olu\u015fturur; Bilim, Sanayi ve Teknoloji Bakanl\u0131\u011f\u0131\u2019nca ilan edilen de\u011fere kadar T\u00fcketici Hakem Heyetleri, a\u015fan durumlarda \u0130STANBUL T\u00fcketici Mahkemeleri ve \u0130cra M\u00fcd\u00fcrl\u00fckleri yetkilidir.<\/p>\n\n\n\n<p>ALICI bu s\u00f6zle\u015fmede ve ayr\u0131lmaz par\u00e7as\u0131n\u0131 olu\u015fturan sipari\u015f formunda yaz\u0131l\u0131 t\u00fcm ko\u015fullar\u0131 ve a\u00e7\u0131klamalar\u0131 okudu\u011funu, sat\u0131\u015f ko\u015fullar\u0131n\u0131n ve sair t\u00fcm \u00f6n bilgileri ald\u0131\u011f\u0131n\u0131, inceledi\u011fini ve tamam\u0131n\u0131 kabul etti\u011fini beyan, kabul ve taahh\u00fct eder.<\/p>\n\n\n\n<p>ALICI, Site \u00fczerinden verdi\u011fi sipari\u015fe ait \u00f6demeyi ger\u00e7ekle\u015ftirdi\u011finde i\u015fbu s\u00f6zle\u015fmenin t\u00fcm \u015fartlar\u0131n\u0131 kabul etmi\u015f say\u0131l\u0131r. SATICI, sipari\u015fin ger\u00e7ekle\u015fmesi \u00f6ncesinde i\u015fbu s\u00f6zle\u015fmenin sitede ALICI taraf\u0131ndan okunup kabul edildi\u011fine dair onay alacak \u015fekilde gerekli yaz\u0131l\u0131msal d\u00fczenlemeleri yapmakla y\u00fck\u00fcml\u00fcd\u00fcr.<\/p>\n","protected":false},"excerpt":{"rendered":"<p>L\u00dcTFEN, ilgili yasa gere\u011fi l\u00fctfen a\u015fa\u011f\u0131daki s\u00f6zle\u015fme metninin 12 punto ve koyu fontta \u00e7\u0131kt\u0131s\u0131n\u0131 alarak okuyunuz. Ayr\u0131ca; internet sitemizden al\u0131\u015fveri\u015f yapan her al\u0131c\u0131, taraf\u0131m\u0131zdan d\u00fczenlenmi\u015f olan a\u015fa\u011f\u0131daki sat\u0131\u015f s\u00f6zle\u015fmemizin t\u00fcm<\/p>\n","protected":false},"author":1,"featured_media":0,"parent":0,"menu_order":0,"comment_status":"closed","ping_status":"closed","template":"","meta":{"footnotes":""},"class_list":["post-4433","page","type-page","status-publish","hentry"],"_links":{"self":[{"href":"https:\/\/otomatik-kapi.com.tr\/index.php?rest_route=\/wp\/v2\/pages\/4433","targetHints":{"allow":["GET"]}}],"collection":[{"href":"https:\/\/otomatik-kapi.com.tr\/index.php?rest_route=\/wp\/v2\/pages"}],"about":[{"href":"https:\/\/otomatik-kapi.com.tr\/index.php?rest_route=\/wp\/v2\/types\/page"}],"author":[{"embeddable":true,"href":"https:\/\/otomatik-kapi.com.tr\/index.php?rest_route=\/wp\/v2\/users\/1"}],"replies":[{"embeddable":true,"href":"https:\/\/otomatik-kapi.com.tr\/index.php?rest_route=%2Fwp%2Fv2%2Fcomments&post=4433"}],"version-history":[{"count":2,"href":"https:\/\/otomatik-kapi.com.tr\/index.php?rest_route=\/wp\/v2\/pages\/4433\/revisions"}],"predecessor-version":[{"id":4439,"href":"https:\/\/otomatik-kapi.com.tr\/index.php?rest_route=\/wp\/v2\/pages\/4433\/revisions\/4439"}],"wp:attachment":[{"href":"https:\/\/otomatik-kapi.com.tr\/index.php?rest_route=%2Fwp%2Fv2%2Fmedia&parent=4433"}],"curies":[{"name":"wp","href":"https:\/\/api.w.org\/{rel}","templated":true}]}}